mine v(0).
6
Let l(f) = -f**3 - 4*f**2 + 4*f + 7. Let q(c) = -10*c**2 + 5*c. Let y be q(1). What is l(y)?
12
Let p be (-2 - 46/(-24))*15/(-5). Let q(v) be the first derivative of 2 + p*v**4 - v + 0*v**3 + v**2. What is q(1)?
2
Let c(s) = s. Let v(x) = -20*x. Let n(t) = 4*c(t) + v(t). Determine n(1).
-16
Let y(t) = 5*t - 7. Let l(k) = 6*k - 6. Let x(b) = 6*l(b) - 7*y(b). Give x(-9).
4
Let p be 3 + (-2)/(-4)*-2. Let r(c) = 3*c**p + 3 - 2 - 2 - 2*c - c**2. Suppose 2*l = -0*l + 4. Determine r(l).
3
Let v(m) = -m**3 + 8*m**2 - 10*m + 10. Let n be -2*(2/8*-2 - 3). Determine v(n).
-11
Let s(w) = 3*w**3 - 2*w**2 - 2*w - 1. Suppose -d = 13 - 12. Determine s(d).
-4
Let j(q) = -q - 8. Let m be j(-10). Suppose -15 = -3*v, m*h - 4*v = h - 23. Let w be 0/h + -3 - -1. Let a(y) = y**3 + y**2 + y + 1. What is a(w)?
-5
Let x(h) = 19*h**3 + 9*h**2 + 5*h - 7. Let s(k) = -9*k**3 - 4*k**2 - 2*k + 3. Let g(o) = -5*s(o) - 2*x(o). Calculate g(-1).
-6
Let h(q) be the second derivative of -q**5/20 - 7*q**4/12 + 3*q**3/2 + 3*q**2 + 18*q. What is h(-8)?
-2
Suppose 0 = 4*n - 12, -3*n + 15 = -3*r + 2*n. Let i(b) be the second derivative of 1/12*b**4 - 2*b - 1/3*b**3 + r + 3/2*b**2. Calculate i(2).
3
Let m(r) be the first derivative of -3/2*r**2 - 1/4*r**4 - 1/3*r**3 - 3*r - 1. Calculate m(-2).
7
Let t(f) = -f**2 + 8*f - 7. Let s be 8 + 4*(-2)/4. Calculate t(s).
5
Let q(u) = -u**2 + 3*u + 7. Let h(g) = -g**3 + 8*g**2 + 8*g + 12. Let p be h(9). Let s be (-1)/(p/30*2). Let v = 0 - s. What is q(v)?
-3
Let u(p) = 4*p**2 - p - 4. Suppose 9 = -c + 13. Let x(y) = 5*y**2 - y - 4. Let n(i) = c*u(i) - 3*x(i). Let w(v) be the first derivative of n(v). What is w(5)?
9
Let k(c) = 2*c + 3. Suppose 6 = -0*u + u. Suppose 1 = 5*f - 9. Suppose -f*w - 4 = u. Determine k(w).
-7
Let p(n) = -7*n + 8. Let i(y) = -15*y + 17. Let v(h) = -6*i(h) + 13*p(h). Give v(4).
-2
Suppose 4*o - t = -4 - 13, 4*t = 2*o + 12. Let x(a) = a**3 + 5*a**2 + 5*a + 4. What is x(o)?
0
Let g(s) = 3*s**3 - s**2 - 8*s + 14. Let p(f) = -f**3 + 3*f - 5. Let z(x) = -4*g(x) - 11*p(x). Let y = 10 + -7. Calculate z(y).
5
Let w(q) be the first derivative of -1/3*q**3 - q - 4 + 0*q**2 + 1/4*q**4. Determine w(2).
3
Let r be ((-10)/(-15))/((-2)/(-6)). Let h = 0 - -2. Let a(z) = 2*z - 1. Let j(t) = t. Let m(d) = h*j(d) + a(d). Calculate m(r).
7
Suppose 3*s - 40 = -s + 3*x, -2*s - 2*x = -6. Let m(k) = -3*k + 3 - s + 7. Determine m(3).
-6
Let g(z) = -4*z**3 - 2*z**2 - 2*z - 1. Let x be g(-1). Let k(u) = -x*u - 8*u**2 + 0 - u**3 + 4*u**2 - 3 - u. Let b be 16/(-6) - (-1)/(-3). Calculate k(b).
0
Let h(c) = 2*c - 6. Suppose -4*o + 21 = -3. What is h(o)?
6
Let c(t) be the second derivative of -t**5/20 - t**4/6 + t**3/6 + t**2/2 - t. Suppose 0 = -x + z - 6, -x = -z - 3*z + 15. Give c(x).
7
Let f(x) = 18*x + 12. Let a(j) = -j - 1. Let l(w) = 12*a(w) + f(w). Give l(1).
6
Let q = 39 + -36. Let m(w) = w**3 - 3*w**2 + 3. Calculate m(q).
3
Let c(s) be the second derivative of -s**4/12 + 7*s**3/6 - 9*s**2/2 + 2*s. Suppose 0 = -3*n - 4*t + 22, -4*n + 0*t = -2*t - 22. Calculate c(n).
-3
Let b(l) = 9*l**2 - l - 4. Let n(u) = -27*u**2 + 2*u + 11. Let r(i) = 8*b(i) + 3*n(i). Calculate r(1).
-10
Let w(a) = a**2 - 4*a + 1. Let q(p) = 2*p**2 + 5*p + 2. Let h be q(-3). Let b = 8 - h. Calculate w(b).
-2
Let k(b) = -7*b**2 + 5*b + 4. Let g(z) = -z**2 + z. Let h(o) = 6*g(o) - k(o). Calculate h(3).
8
Let q(t) be the second derivative of t**5/20 - 5*t**4/12 + t**3/2 - 7*t. What is q(4)?
-4
Let c(g) = 6 + 2*g - 15*g**2 + 2 + 2 + 5. Let i(l) = 8*l**2 - l - 8. Suppose -3*x = -0*x + 33. Let t(h) = x*i(h) - 6*c(h). Give t(-2).
8
Suppose 4*h - h = 15. Let s(y) = -5*y + y**2 - 2*y - 1 - 2. Determine s(h).
-13
Let y(a) be the first derivative of -a**4/4 + a**3 + 3*a**2/2 - 6*a + 9. Give y(4).
-10
Let x(z) be the third derivative of -1/360*z**6 + 0*z + 2*z**2 + 0*z**3 + 1/24*z**4 + 0 + 1/120*z**5. Let t(w) be the second derivative of x(w). Determine t(2).
-3
Let r(u) = u**3 - 4*u**2 + 2*u. Suppose p = 10 + 2. Let l be ((-16)/p)/(2/(-3)). What is r(l)?
-4
Let m be (-63)/(-42) + (-1)/2. Let q(d) = 14*d**2 + 1. Calculate q(m).
15
Let m(c) = -c**2 + 4*c + 2. Let p be 7 + -3 + (-5)/5. Give m(p).
5
Let s be 4/(4/3) + -6. Let x(q) = -2*q**2 - 3*q + 3. Let b be x(s). Let p(r) = -r**2 - 8*r - 9. Determine p(b).
3
Let c(f) = 8*f + 2. Let p = -6 - -13. Let u(g) = -p - 7 - 41*g + 4 - 1 - g**2. Let m(d) = -11*c(d) - 2*u(d). What is m(4)?
8
Let i(q) be the first derivative of -q**4/4 - 7*q**3/3 - q**2/2 + 3*q - 5. Give i(-7).
10
Let t(s) = s - 3. Let v(r) = 2. Let h(b) = -2*t(b) - 5*v(b). Calculate h(-4).
4
Let o be 2/8 - 147/12. Let a be (-14)/(-35) - (-74)/(-10). Let q = a - o. Let w(l) = -l. Give w(q).
-5
Suppose -15 = -w - 4*x - 0*x, w + 13 = 3*x. Let b(z) = 18*z**3 - z. Give b(w).
-17
Let w(n) = n - 1. Let z be ((-8)/6)/((-4)/12). Suppose 2*r + 4 = z*c - 8, 2*c - 3*r = 2. What is w(c)?
3
Let o(c) = 10*c. Let i(t) = -3*t. Let f(p) = -7*i(p) - 2*o(p). What is f(-7)?
-7
Let r(d) = 2*d - 2. Let h(t) = 5*t - 5. Let p(g) = 3*h(g) - 7*r(g). Let i(s) = s**2 + 2*s + 5. Let v be i(-4). Suppose -c + 2*n = v, 1 = n - 4. Give p(c).
-4
Let q(t) = 2*t**3 + 2*t**2 + 3*t. Let s(r) = 3*r**3 + 2*r**2 + 3*r. Let p(d) = 4*q(d) - 3*s(d). Let k = -3 + 1. What is p(k)?
10
Let o(f) = -3 - 11*f**2 - 10 + 12. Calculate o(1).
-12
Let y(k) = 2*k**3 + 3*k**2 - 5*k - 3. Let c be (2 - 26/10) + 24/(-10). Calculate y(c).
-15
Let u be (-1)/(-2)*(-9 - -5). Let o be -1 - ((-1 - 3) + 1). Let x(s) = -s + o*s**2 - 4*s**3 + 4*s**3 + 2 + 2*s**3. Determine x(u).
-4
Let r(c) be the second derivative of -c**4/24 + c**3/3 - c**2/2 + 2*c. Let w(d) be the first derivative of r(d). Suppose -y = -1 - 2. Give w(y).
-1
Let p(w) be the first derivative of w**4/4 + w**3/3 + w**2/2 + 2*w + 8. Determine p(-2).
-4
Let t(y) = 4*y - 4 + y**2 - 10 + 2 + 5. Suppose -5*g + 19 = u - 1, -5*g + 10 = 3*u. What is t(u)?
-2
Let g(z) = -z**3 + 6*z**2 - 6*z + 4. Let a(l) = 0*l**2 + 0 - 2 - 6*l + 12*l + l**2. Let q be a(-7). Give g(q).
-1
Let b(i) = -3*i**3 + 3*i. Let m = 2 + -3. Let l(x) = x**3 - x**2. Let d(r) = m*b(r) - 2*l(r). Let h be 1 - (0 + 4/(-4)). Calculate d(h).
10
Let b(j) be the third derivative of 1/6*j**4 - 1/2*j**3 - 1/15*j**5 + 1/120*j**6 + 0*j - 2*j**2 + 0. What is b(4)?
13
Let u(b) = 17*b**3 - b**2 - 16*b**3 - 3*b + 0*b + 2 - 2*b**2. Calculate u(3).
-7
Suppose 4*x = 5*f + 25, 3*f + 30 = -2*f + 5*x. Let z(j) be the second derivative of j**3/2 + j**2/2 - 5*j. Determine z(f).
-2
Let s(w) = -2*w + 8. Let x(k) = 4*k - 63. Let b be x(14). Determine s(b).
22
Let a(v) = -5*v**2 + 2*v - 2. Let m(h) be the third derivative of -h**5/10 + h**4/24 - h**3/3 - 3*h**2. Let s(k) = -5*a(k) + 4*m(k). Determine s(6).
2
Let x(i) = -i**3 + 7*i**2 - 5*i + 1. Suppose -2*f + 3*k - 3 = 0, -k = 4*f + 3*k - 44. Calculate x(f).
7
Let v(m) be the third derivative of 0*m + 7*m**2 - 1/12*m**4 + 1/6*m**3 + 0. What is v(-1)?
3
Let k = 12 + -10. Let r(s) = 4*s - 1. Let n be r(1). Let l(d) = -d**n - 10*d + 9*d + 3*d**2 + d**k. Calculate l(4).
-4
Let y(f) = f - 12. Let h be 1/(0 + 1/5). Determine y(h).
-7
Let s(w) = 2*w**2 + 10*w + 5. Let y(t) = -3*t**2 - 15*t - 8. Let c(d) = -8*s(d) - 5*y(d). What is c(-5)?
0
Suppose 0 = -3*c + 6. Let b(i) = 0 - 7*i + i - i**2 + 2*i**c - 3. Calculate b(6).
-3
Let s(b) = -35*b + 36*b - 7 + 0. Give s(-5).
-12
Let g(d) = 13*d - 3*d**2 + 5*d**2 + 6 - 3*d**2 - 5*d. Determine g(8).
6
Let n(o) = o**2 + 4*o + 2. Let g(w) be the third derivative of -w**4/12 + 11*w**3/6 + w**2. Let u be g(8). Calculate n(u).
7
Let g = 5 + 0. Let v(k) = 13*k**2 + 9*k - 5. Let s(q) = 9*q**2 + 6*q - 3. Let u(f) = g*v(f) - 7*s(f). Suppose -11 = -3*b - 20. Calculate u(b).
5
Let o be (1 + 1)*(-2)/(-2). Let l(y) = 2*y + o*y - 1 + 2*y. What is l(2)?
11
Suppose -2*w + 2*i = 14, i = 4*i - 12. Let s(f) be the second derivative of f**4/12 + 2*f**3/3 + 3*f**2/2 + 9*f. Give s(w).
0
Suppose -5*v - 4 = 1. Let z = -7 + 8. Let o(g) = g + g - 2*g**2 - z + 7*g**2 - 4*g. Give o(v).
6
Let q(l) = -4*l**2 + 5*l**3 - 4*l**3 + 5*l**2 - 3 + l. Let r(c) = -c**3 + c**2 - c + 1. Let g be r(1). Suppose g = 4*d - 9*d. Calculate q(d).
-3
Suppose 0 = -8*p + 5 + 11. Let m(x) = -x**3 + 4*x**2 - x - 1. Determine m(p).
5
Let y(l) = -2*l - 7. Let n(r) = 4*r + 15. Let s(d) = 6*n(d) + 13*y(d). De